{"id":4013,"date":"2019-11-12T13:23:07","date_gmt":"2019-11-12T12:23:07","guid":{"rendered":"https:\/\/dmon-parts.de\/cms\/?post_type=product&#038;p=4013"},"modified":"2026-02-18T07:48:10","modified_gmt":"2026-02-18T06:48:10","slug":"selettra-kz-komplett-zuendungssystem-fuer-vespa-small-frame-sf-inkl-adapterplate-zuendung-spule-stator-rotor","status":"publish","type":"product","link":"https:\/\/dmon-parts.de\/cms\/produkt\/selettra-kz-komplett-zuendungssystem-fuer-vespa-small-frame-sf-inkl-adapterplate-zuendung-spule-stator-rotor\/","title":{"rendered":"Selettra KZ komplett Z\u00fcndungssystem f\u00fcr Vespa Small Frame (SF) inkl. Adapterplate Z\u00fcndung Spule Stator Rotor"},"content":{"rendered":"<h5>Selettra KZ komplett Z\u00fcndungssystem f\u00fcr Vespa Small Frame (SF) inkl. Adapterplate<\/h5>\n<div id=\"tabContent\" class=\"artikelDetailTabBox\">\n<p>The system is with these parts:<\/p>\n<ul>\n<li><span class=\"klein\">\u00a0 1 x Dmon00131222 analog Coil A10 KZ<\/span><\/li>\n<li><span class=\"klein\">\u00a0 1 x Dmon00131228 Stator 3200 90 mm KZ<\/span><\/li>\n<li><span class=\"klein\">\u00a0 1 x Dmon00131287 Rotor 1:5 Vespa<br \/>\n<\/span><\/li>\n<li><span class=\"klein\">\u00a0 1 x Dmon00088971 Spark plug cap 403030<\/span><\/li>\n<li><span class=\"klein\">\u00a0 1 x Instruction Manual via Email<\/span><\/li>\n<li>\u00a0 <span class=\"klein\">1 x Dmon00131241 Groundcable<\/span><\/li>\n<li><span class=\"klein\">\u00a0 1 x Dmon00131511 Adapterplate<\/span><\/li>\n<\/ul>\n<\/div>\n","protected":false},"excerpt":{"rendered":"<h5>Selettra KZ komplett Z\u00fcndungssystem f\u00fcr Vespa Small Frame (SF) inkl. Adapterplate<\/h5>\n","protected":false},"featured_media":11533,"comment_status":"open","ping_status":"closed","template":"","meta":[],"product_brand":[1288],"product_cat":[1064],"product_tag":[1065],"class_list":{"0":"post-4013","1":"product","2":"type-product","3":"status-publish","4":"has-post-thumbnail","6":"product_brand-selettra-zuendungen","7":"product_cat-vespa-small-frame","8":"product_tag-selettra-kz-komplett-zuendungssystem-fuer-vespa-small-frame-sf-inkl-adapterplate","9":"product_shipping_class-ups","11":"first","12":"instock","13":"featured","14":"taxable","15":"shipping-taxable","16":"purchasable","17":"product-type-simple"},"_links":{"self":[{"href":"https:\/\/dmon-parts.de\/cms\/wp-json\/wp\/v2\/product\/4013","targetHints":{"allow":["GET"]}}],"collection":[{"href":"https:\/\/dmon-parts.de\/cms\/wp-json\/wp\/v2\/product"}],"about":[{"href":"https:\/\/dmon-parts.de\/cms\/wp-json\/wp\/v2\/types\/product"}],"replies":[{"embeddable":true,"href":"https:\/\/dmon-parts.de\/cms\/wp-json\/wp\/v2\/comments?post=4013"}],"wp:featuredmedia":[{"embeddable":true,"href":"https:\/\/dmon-parts.de\/cms\/wp-json\/wp\/v2\/media\/11533"}],"wp:attachment":[{"href":"https:\/\/dmon-parts.de\/cms\/wp-json\/wp\/v2\/media?parent=4013"}],"wp:term":[{"taxonomy":"product_brand","embeddable":true,"href":"https:\/\/dmon-parts.de\/cms\/wp-json\/wp\/v2\/product_brand?post=4013"},{"taxonomy":"product_cat","embeddable":true,"href":"https:\/\/dmon-parts.de\/cms\/wp-json\/wp\/v2\/product_cat?post=4013"},{"taxonomy":"product_tag","embeddable":true,"href":"https:\/\/dmon-parts.de\/cms\/wp-json\/wp\/v2\/product_tag?post=4013"}],"curies":[{"name":"wp","href":"https:\/\/api.w.org\/{rel}","templated":true}]}}