{"id":4016,"date":"2019-11-12T13:31:01","date_gmt":"2019-11-12T12:31:01","guid":{"rendered":"https:\/\/dmon-parts.de\/cms\/?post_type=product&#038;p=4016"},"modified":"2026-02-17T22:55:11","modified_gmt":"2026-02-17T21:55:11","slug":"pvl-komplett-zuendungssystem-13-fuer-vespa-small-frame-sf-inkl-adapterplate-zuendung-spule-stator-rotor","status":"publish","type":"product","link":"https:\/\/dmon-parts.de\/cms\/produkt\/pvl-komplett-zuendungssystem-13-fuer-vespa-small-frame-sf-inkl-adapterplate-zuendung-spule-stator-rotor\/","title":{"rendered":"PVL komplett Z\u00fcndungssystem 13\u00b0 f\u00fcr Vespa Small Frame (SF) inkl. Adapterplate Z\u00fcndung Spule Stator Rotor"},"content":{"rendered":"<h5>PVL komplett Z\u00fcndungssystem 13\u00b0 f\u00fcr Vespa Small Frame (SF) inkl. Adapterplate<\/h5>\n<div id=\"tabContent\" class=\"artikelDetailTabBox\">\n<p>The system is with these parts:<\/p>\n<ul>\n<li><span class=\"klein\">\u00a0 1 x Dmon00130847 analog Coil 458115<br \/>\n<\/span><\/li>\n<li><span class=\"klein\">\u00a0 1 x Dmon00130848<\/span><span class=\"klein\"> Stator 4000 90 mm<\/span><\/li>\n<li><span class=\"klein\">\u00a0 1 x Dmon00088755 Rotor 1:5 Vespa<br \/>\n<\/span><\/li>\n<li><span class=\"klein\">\u00a0 1 x Dmon00088971 Spark plug cap 403030<\/span><\/li>\n<li><span class=\"klein\">\u00a0 1 x Instruction Manual via Email<\/span><\/li>\n<li>\u00a0 <span class=\"klein\">1 x Dmon00131241 Groundcable<\/span><\/li>\n<li><span class=\"klein\">\u00a0 1 x Dmon00131511 Adapterplate<\/span><\/li>\n<\/ul>\n<\/div>\n","protected":false},"excerpt":{"rendered":"<h5>PVL komplett Z\u00fcndungssystem 13\u00b0 f\u00fcr Vespa Small Frame (SF) inkl. Adapterplate<\/h5>\n","protected":false},"featured_media":4024,"comment_status":"open","ping_status":"closed","template":"","meta":[],"product_brand":[1287],"product_cat":[1064],"product_tag":[1068],"class_list":{"0":"post-4016","1":"product","2":"type-product","3":"status-publish","4":"has-post-thumbnail","6":"product_brand-pvl-zuendungen","7":"product_cat-vespa-small-frame","8":"product_tag-pvl-komplett-zuendungssystem-13-fuer-vespa-small-frame-sf-inkl-adapterplate","9":"product_shipping_class-ups","11":"first","12":"instock","13":"featured","14":"taxable","15":"shipping-taxable","16":"purchasable","17":"product-type-simple"},"_links":{"self":[{"href":"https:\/\/dmon-parts.de\/cms\/wp-json\/wp\/v2\/product\/4016","targetHints":{"allow":["GET"]}}],"collection":[{"href":"https:\/\/dmon-parts.de\/cms\/wp-json\/wp\/v2\/product"}],"about":[{"href":"https:\/\/dmon-parts.de\/cms\/wp-json\/wp\/v2\/types\/product"}],"replies":[{"embeddable":true,"href":"https:\/\/dmon-parts.de\/cms\/wp-json\/wp\/v2\/comments?post=4016"}],"wp:featuredmedia":[{"embeddable":true,"href":"https:\/\/dmon-parts.de\/cms\/wp-json\/wp\/v2\/media\/4024"}],"wp:attachment":[{"href":"https:\/\/dmon-parts.de\/cms\/wp-json\/wp\/v2\/media?parent=4016"}],"wp:term":[{"taxonomy":"product_brand","embeddable":true,"href":"https:\/\/dmon-parts.de\/cms\/wp-json\/wp\/v2\/product_brand?post=4016"},{"taxonomy":"product_cat","embeddable":true,"href":"https:\/\/dmon-parts.de\/cms\/wp-json\/wp\/v2\/product_cat?post=4016"},{"taxonomy":"product_tag","embeddable":true,"href":"https:\/\/dmon-parts.de\/cms\/wp-json\/wp\/v2\/product_tag?post=4016"}],"curies":[{"name":"wp","href":"https:\/\/api.w.org\/{rel}","templated":true}]}}